te number?
True
Let t(v) = v**3 + 7*v**2 + 9*v - 17. Let c = -73 - -65. Let u be t(c). Let n = u - -1712. Is n a composite number?
False
Let q(f) be the first derivative of 2*f**2 - 27*f - 15. Let n be q(8). Suppose -2*d + 558 = -0*d + 4*z, -n*d - 5*z = -1370. Is d a prime number?
True
Let z be 9/18 + (-15)/6. Let a be (-2)/(-4)*(-1 - -3). Is -4 - z - a - -452 prime?
True
Suppose -3*u + 176363 = q, 4*u + 22*q = 21*q + 235150. Is u a composite number?
False
Suppose -14 = -2*u - 6. Suppose -2*v + 0 = u. Is v - 3 - (-960 + -4) composite?
True
Let c be 38*(0 + (-2)/4). Let g(i) = -274*i + 4*i**2 + 149*i + 50 + 142*i. Is g(c) prime?
True
Suppose 2*t = -y + 24, 3*t - 4*y - 3 - 11 = 0. Suppose 12 + 108 = -t*f. Is 748 + (-4)/6 + 16/f composite?
True
Let s(y) = -6*y**2 - 10*y - 3. Let l be s(-4). Let b = -59 - l. Suppose b = 3*t - 2027 - 2056. Is t composite?
False
Let h(a) = a**3 - 90*a**2 + 127*a - 67. Is h(91) prime?
False
Is (-12)/78 + 27/9 + 1662600/26 a prime number?
True
Suppose 0 = -6*v + 7*v - 6, 5*v = 3*t - 39897. Is t composite?
False
Let r = -44 + 48. Suppose -5388 = -0*x - r*x - 2*v, 4*v + 6748 = 5*x. Is (x/(-6))/((-11)/3 + 3) composite?
False
Suppose 97*v - 112*v = -3633315. Is v a prime number?
False
Let q = -697332 - -1540273. Is q prime?
False
Let j(k) = -2*k**2 - k. Let h(v) = 480*v**2 + 4*v + 16. Let t(c) = h(c) + 3*j(c). Is t(-3) prime?
False
Is 2 + 2485857/6 - (126/(-12) + 11) a prime number?
True
Let o be (-294)/105*(-2 - 3). Is 2*37595/o + (-18)/(-63) prime?
False
Let o = 562520 - -81719. Is o a composite number?
False
Suppose 2*g + 177 = f, g + 2*g = 3*f - 519. Is -1 + f*4 + (-66)/33 a prime number?
True
Let o be 10 - ((-7 - -10) + -3 + 1). Let p(w) = 54*w - 104. Is p(o) composite?
True
Let v(y) = -4129*y - 1375. Is v(-6) a composite number?
False
Let m = 741966 - 304747. Is m a composite number?
False
Let o = 12 - 12. Suppose -3*l = k - l - 6286, -5*l = 5*k - 31430. Suppose 2*g - k - 1096 = o. Is g composite?
False
Suppose -12*p - 2360 = -20*p. Suppose -2*w + 131 = 4*v - p, -4*w - 2*v + 846 = 0. Is w a prime number?
True
Let x(g) = -2*g**2 - g + 1. Let o be x(-2). Let t be (-219)/7884 + (-1416098)/(-72). Is o/((-40)/t)*(-4)/(-6) a prime number?
False
Suppose 242760 = 3*i + 3*b, -4*i - 9*b + 323664 = -13*b. Is i a composite number?
True
Let s(h) be the first derivative of 3 - 10 - 57*h - 18 - 36*h**2 + 2*h. Is s(-16) composite?
False
Suppose 16*h = 5*b + 20*h - 2156995, -3*b - 2*h + 1294197 = 0. Is b a prime number?
True
Let f(x) = 5156*x - 986. Is f(9) prime?
False
Suppose -32*g = -4*g - 7954324. Is g a composite number?
False
Let j = -34 - -42. Suppose j*v - 3*v - 1935 = 0. Suppose -v = -f - 3*c, -5*c + 1895 = 5*f - 10*c. Is f a prime number?
False
Suppose 300*k = 4804610 - 605510. Is k a prime number?
True
Let c(y) = 38715*y**3 + 2*y - 2. Let h be c(1). Suppose k - 239813 = -3*p - h, -4*k = -2*p + 134070. Is p a prime number?
True
Let q be ((-80)/16)/(5/(-4)). Suppose -5*x = -3*y + 6325 + 6833, -y - q*x + 4403 = 0. Is y composite?
False
Suppose -13*m = 26*m - 1958022 - 1612779. Is m composite?
True
Let q = -37784 + 72529. Is q a composite number?
True
Let y(o) = -6*o**2 + 31*o + 3. Let t be y(7). Suppose 6*g - 53183 + 6281 = 0. Is t/555 + g/15 a composite number?
False
Suppose -3*a + 12 = 3*p, 10 = -5*a + 3*p - 2. Suppose a = 4*k + 3*d - 15449, -4*k + 2*k + 7727 = -d. Is k a composite number?
False
Let y(u) be the second derivative of 523*u**3/3 - 5*u**2/2 + 4*u. Suppose -100 + 95 = -5*k. Is y(k) a prime number?
False
Let u(b) = 782*b**2 - 1. Let a(j) = -6*j - 45. Let c be a(-8). Suppose -c = 8*l + 5. Is u(l) a composite number?
True
Suppose -416*j + 303*j = -4235579. Is j a composite number?
False
Suppose 0 = 5*o + 3*f - 1072, 0*o + 2*f = o - 217. Let d be 3/(-5) + (o/25 - -4). Suppose -10*b + d*b = 2942. Is b prime?
True
Let d = 413 + 806. Let s = -240 + d. Is s composite?
True
Let q be 2202/9*(2 + -5). Let u = 1921 + q. Is u a composite number?
False
Suppose 120*x - 117*x + s - 2250973 = 0, -4*s = 5*x - 3751603. Is x composite?
True
Let x(m) = -2*m. Let h be x(0). Suppose -5 = -j, 0 = 4*q + 3*j - h*j - 83. Let t(w) = -w**3 + 16*w**2 + 23*w - 13. Is t(q) prime?
True
Let o(x) = 617*x**2 - 167*x - 3. Is o(-4) a composite number?
True
Let d(q) = 2651*q**3 + 8*q - 4. Let g be d(3). Suppose -9*u = 6419 - g. Suppose 5*x - u = -x. Is x a prime number?
False
Let s(k) = 3616*k**2 - 4*k + 1. Let q(a) = -a**3 - 29*a**2 + 60*a - 61. Let l be q(-31). Is s(l) composite?
False
Let f = -1707 - -5542. Suppose -13*d + 14*d - f = 0. Suppose -4*u + d = u. Is u a prime number?
False
Let d(t) = -10*t**2 + 357*t + 159. Is d(34) a composite number?
True
Suppose 3*h = 2*l - 745, 4*l + 5*h + 1850 = 9*l. Is l prime?
False
Let m(k) = -37*k - 26. Let z be m(-11). Let d = z + -210. Let y = 120 + d. Is y prime?
False
Suppose g + 3*m = 2364, -2*g + 2073 + 2651 = 5*m. Suppose 0 = -v - g - 175. Let u = 1080 - v. Is u a composite number?
False
Is 224/3024 + (-23034805)/(-27) a prime number?
False
Let n be 24/16 + (-5566932)/8. Is (((-4)/3)/(-2))/((-230)/n) a prime number?
True
Suppose -3*i + 131197 = 2*t, 8*t = -2*i + 3*t + 87461. Suppose 0 = -4*g + i + 41927. Is g prime?
False
Suppose 7*j = 8*j. Suppose 18*v - 32*v + 30254 = j. Is v composite?
False
Let m be (14 + 1)*5*8/25. Let o = 431 - m. Is o a prime number?
False
Suppose -29*w = -s - 27*w, 0 = -2*s + 5*w + 2. Is 36/(-27)*76251/s prime?
False
Let y(s) = 180*s + 1170*s - 258 + 119*s - 214*s. Is y(13) prime?
True
Let y = -507 - -862. Suppose 6 = p - y. Is p composite?
True
Suppose 0 = -5*b + 33212 + 63. Suppose 3*q - h = -b, 1789 = -3*q + 5*h - 4858. Is (q/(-14))/(-3 + (-7)/(-2)) a prime number?
True
Let z be 5 - (-2*4/(-8) + 5). Is (-5252 - 4/(-4))/z prime?
False
Let f(y) = -21*y + 503. Is f(-64) composite?
False
Let j = -7 + 10. Suppose -g + j*r + 617 = 0, 2*r = 3*g - 7*g + 2454. Is g prime?
False
Is (-76)/2394*-15459993 + (-3)/7 a composite number?
True
Let j = -13207 - -26498. Is j a prime number?
True
Let f(o) = 3*o - 3. Let x be f(1). Suppose -2*h - 423 = -l, l - 427 = 4*h - x*h. Is l a composite number?
False
Suppose 29*s - 31*s + 27430 = -5*k, -4*s = -4*k - 54836. Is s a composite number?
True
Is (-8 - 42618)*((-26)/4 - -1) a prime number?
False
Suppose 2*z = k + 2247, 70*k = -z + 69*k + 1116. Is z composite?
True
Let l = 136 - 132. Suppose -3*z + 3736 = 3*q - 488, -3*z + l*q = -4189. Is z composite?
True
Suppose -9*t + 71*t = 44082. Suppose c + 2*g - 14 = 0, 5*c + g = 58 - 15. Suppose c*r - t = -r. Is r a composite number?
False
Let l(y) = y**2 - 14*y + 13. Let o be l(13). Let n be o/(-3) + (-18 - -6). Is (n/(-15))/((-18)/(-495)) composite?
True
Let d = -57898 + 520229. Is d a composite number?
False
Is ((-2375903)/85 + 1)*-5 a composite number?
True
Let t = 515802 - 322543. Is t prime?
False
Let n(h) = 222*h - 40. Let v be n(9). Let a = v + -521. Is a a prime number?
False
Let y(g) = g**3 - 7*g**2 + 8*g + 12. Let v be y(5). Suppose -4*l + 3*q + 7635 - 776 = 0, -l - v*q = -1723. Is l composite?
True
Let m = 8989 + 17094. Is m composite?
False
Suppose 5*v + 2*p - 11695 = 0, -13*v + 3*p = -11*v - 4678. Is v a prime number?
True
Suppose 2*z - 4*w + 24 = 0, -3*z + 0*w - 4*w = -4. Let h(f) = -69*f + 20. Let j(p) = 69*p - 19. Let k(u) = 4*h(u) + 3*j(u). Is k(z) composite?
True
Let y = 584 - 570. Suppose y*w = -7538 + 90964. Is w a prime number?
False
Let r = 153 + -161. Is (-2*(-36)/r - -4) + 18334 a composite number?
False
Let r = -359 - -372. Suppose r*o - 2493 = 10*o. Is o composite?
True
Suppose -27*n - 683260 = -32*n. Suppose -36420 = -16*y + n. Is y a prime number?
False
Suppose -6*b = m - 11687103, 314*b + 2*m + 3895708 = 316*b. Is b composite?
False
Let z(r) = 1470*r**2 - 181*r - 63. Is z(-10) a composite number?
False
Let w be (9/6)/((-1)/(-426)). Let p = 521 - 961. Let i = p + w. Is i composite?
False
Suppose -5*r + 68 = -4*n, 4*n + 7*r - 2*r + 68 = 0. Let b(z) = 9*z**2 - 3*z - 19. Is b(n) prime?
True
Let z(n) = 117*n**2 - 8*n - 1. Let w be z(6). Let g = 3318 + w. Is g a prime number?
True
Suppose -n + 214123 = 3*h + 17180, 8 = -4*h. Is n a composite number?
True
Let p(v) = 1552*v + 181. Is p(4) a prime number?
True
Let x(a) = -5*a - 110. Let k be x(-22). Suppose 3*o = m + 612, k*o - 2*m